uppose v - 5*w = -0*w + 170, 3*v - 4*w - 477 = 0. Suppose 4*j - 4*d = -7*d + 226, -v = -3*j + 5*d. Is j a composite number?
True
Let q(l) = -l + 14. Let c(a) = a**2 + 4*a + 2. Let j be c(-4). Suppose -3*z + j*z = -7. Is q(z) composite?
False
Let g(x) = 6*x**2 - x + 2. Let r(i) = i**3 - 6*i**2 - 7*i + 3. Let o be r(7). Is g(o) a prime number?
True
Let c(o) = -o**3 - 6*o**2 - o. Let w be c(-6). Suppose 0 = 9*h - w*h - 957. Is h composite?
True
Suppose -11 + 91 = -4*w. Let j = w + 43. Is j a composite number?
False
Let a(p) = p**3 - 5*p**2 + 6*p - 1. Suppose -2*k = 1 - 9. Is a(k) prime?
True
Is (679 - -4) + 1 + -1 composite?
False
Suppose 0*q + q - 1363 = 0. Is q a composite number?
True
Suppose 2*a - 6*a + 1137 = -3*d, 2*a + 5*d = 575. Let s(n) = -n**3 - n + 4. Let m be s(0). Suppose m*q = -q + a. Is q prime?
False
Let r = -35 + 49. Is r composite?
True
Let a be (-5)/30 + (-2)/(-12). Suppose 4*w - 3*n = 224, a = 5*w + 2*n - 74 - 183. Is w composite?
False
Let i(u) = u**2 - 8*u - 7. Let c be i(9). Suppose -4*b = 5*f - 0*b - 1157, 0 = c*f + 4*b - 458. Is f a composite number?
False
Is (-5302)/(-5) + 3/5 a composite number?
False
Suppose 4*b - 1702 = 2*b. Is b a composite number?
True
Suppose -3*g + 16 = -2*g + 4*o, o = -5*g + 23. Let k be 0/g + 9 + -1. Suppose -k = -2*i + 44. Is i a composite number?
True
Suppose 0 = -v + 488 - 9. Is v prime?
True
Suppose -3*h + 213 + 111 = -3*y, 2*h - 3*y = 212. Let d(r) = r**2 - 7*r + 10. Let p be d(8). Suppose 2*l = h - p. Is l composite?
False
Let u(y) = 2*y**2 - 10*y - 7. Let f be u(-6). Suppose -3*r - 2*a + 389 = -6*a, -a = r - f. Is r prime?
True
Let j be (-2)/(-8) + (-1305)/(-12). Suppose j = 4*w - 4*n - 27, 0 = -2*w - n + 53. Let o = 2 + w. Is o composite?
False
Let v(w) = w**2 - w + 0*w**2 + w**2. Let a be v(-1). Suppose -a*o = -34 - 11. Is o a prime number?
False
Let u(y) = y**2 - 3*y + 9. Let z(p) = 8*p**3 + 1. Suppose 3*t - 18 = 3*d, -3 + 28 = 5*t. Let r be z(d). Is u(r) composite?
False
Let u(c) = -c + 2. Let j be (0 + 2 - 1)*0. Let h be u(j). Is (h/3)/((-4)/(-138)) a composite number?
False
Let m(t) = -t**3 + 6*t**2 - 9*t + 1. Is m(-13) prime?
True
Let f(u) = -4*u - 54. Is f(-20) a composite number?
True
Is 5338 + 11 + (4 + 0)/(-1) prime?
False
Suppose 3*q + 1638 = 3*p, -3*q - 25 = 2*q. Is p prime?
True
Let l = 18 - 2. Let u be 1/(-4) + 23380/l. Is u/15 - (-2)/(-5) composite?
False
Let k be -6*(21/2)/(-3). Suppose -4*x + k = -x. Is x composite?
False
Suppose -4*b = -r + b + 312, -1323 = -4*r + 5*b. Is r a prime number?
True
Suppose -31 = -c - 3*x, -c + 3*x + 7 = -48. Suppose -59 = -b + c. Suppose 83 + b = 5*z. Is z a prime number?
True
Suppose -b - 2*b = 3*q + 441, 5*b = -4*q - 586. Let o = -58 - q. Is o a prime number?
False
Let j(b) = -b**2 + 11*b + 3. Let i be j(11). Let m be -2 - ((3 - 14) + i). Suppose 0 = -k + m - 2. Is k prime?
False
Let x = 166 + 33. Is x a prime number?
True
Let c = -48 - -58. Is c prime?
False
Suppose 61 = -2*j + 269. Let f = j - 13. Is f prime?
False
Suppose 6*r - 3395 = -r. Is r composite?
True
Let j(v) = -13 + 0*v + 7*v + v. Is j(6) prime?
False
Suppose t + 1160 - 3309 = 0. Is t a prime number?
False
Let o(z) be the first derivative of -z**2 - z + 1. Is o(-7) composite?
False
Is (-2 - -4 - -237) + 0/(-6) a composite number?
False
Suppose 4*t - 12 = 0, 2*t + 13 - 39 = l. Let m be 4/l - 26/(-5). Suppose -m*j = -4*j - 31. Is j a composite number?
False
Let n(c) = -c**2 + 7*c. Let r be n(7). Suppose -w - 4 + 2 = r. Let u = w - -55. Is u a composite number?
False
Suppose c - 2 - 9 = 0. Is c a prime number?
True
Let i = 7 + -5. Let s(n) = -22*n + 5. Let d(a) = 111*a - 26. Let u(r) = -2*d(r) - 11*s(r). Is u(i) composite?
False
Let f(p) = 31*p**2 + 3*p + 4. Let k be f(3). Is (20/8 - 2)*k a prime number?
False
Let s = -54 + 112. Is s prime?
False
Suppose 9 = 3*c, 640 + 362 = 5*g - c. Is g a prime number?
False
Suppose 103 = 5*v - 1477. Suppose -3*y - 163 = -2*m + m, -y - v = -2*m. Is m composite?
False
Is -3 - (0 - 3 - 967) composite?
False
Let b = 835 + -444. Is b a prime number?
False
Let j(x) = -x**3 + 5*x**2 - 2*x - 3. Let f = -5 - -9. Let d be j(f). Suppose d*y - 157 = 2*a, 5*a + 32 = 4*y - 97. Is y prime?
True
Let l = -3 - -3. Suppose 4*t - 8 - 4 = l. Let z(u) = 6*u**2 - u + 4. Is z(t) composite?
True
Let m = 265 - -83. Suppose 0 = q - 5*q + m. Is q composite?
True
Let b(l) = -5*l**2 + l**2 + 4*l + l**3 - 3 + 0 + 0*l**3. Let c be b(3). Suppose 0*y - 4*y + 12 = c. Is y composite?
False
Suppose -4*l + 4*o - 244 + 1452 = 0, -898 = -3*l + 5*o. Suppose -s + l = s - 4*d, 572 = 4*s + 2*d. Is s a composite number?
True
Suppose 0 = -24*c + 19*c + 325. Is c a composite number?
True
Let k(a) = -1. Let q(l) = l - 253. Let c(o) = 6*k(o) - q(o). Is c(0) a prime number?
False
Let l = 365 - 178. Is l composite?
True
Is (-1170)/(-24) - (-1)/4 a prime number?
False
Suppose 3542 = 3*g + 1097. Is g prime?
False
Let v be -4*5/(-4)*83. Suppose 3*y - 19 = 2*n, 3*n - 31 = -7*y + 3*y. Suppose 0 = -2*d + y*d - v. Is d composite?
False
Let l = 1 + 6. Suppose 3*m - l*m = -4. Suppose -o = -8 + m. Is o a prime number?
True
Let m(w) be the first derivative of w**4/4 - w**3 + 3*w + 1. Suppose 4*u - u = 15. Is m(u) prime?
True
Let p(r) = -r**3 + 3*r**2. Let v be p(3). Suppose v = -4*t + 6*t + 5*f + 73, -2*f - 214 = 5*t. Let x = 47 - t. Is x a composite number?
True
Let m = -3024 - -4495. Is m a prime number?
True
Let m = 0 - 2. Let j = m + 4. Suppose -j*q = -4*x - 52, -3*q + 4*q - 26 = -4*x. Is q prime?
False
Suppose -5*k = 206 - 1211. Is k composite?
True
Let g(q) = q**2 - 12*q + 9. Let c be g(8). Is c/(3/(9/(-3))) composite?
False
Let k = -1462 + 2111. Is k composite?
True
Suppose v - 3*v + 3*o = 12, 24 = -4*v - 5*o. Let d be (-2)/3 + (-22)/v. Suppose -4*q + 270 = -6*b + 3*b, 0 = -d*q - b + 209. Is q composite?
True
Let g = 18 - -85. Let x = g - -10. Is x a composite number?
False
Let p(z) = z + 14. Let d be p(-11). Suppose -4*u - 1435 = -d*n, 3*n + 4*u = 527 + 948. Is n composite?
True
Let l = -492 + 884. Suppose -2*w = -2*h + 672 + l, 5*w - 1604 = -3*h. Is h composite?
True
Let g(v) = -v**2 + 14*v - 8. Let a = -3 - -9. Let h be 56/a + (-4)/12. Is g(h) a composite number?
False
Suppose 0 = 2*s - 3*s. Suppose u - 59 = -s*u. Is u prime?
True
Let y(w) = w**3 + 6*w**2 + 8*w + 4. Let n be y(-4). Suppose -2*a = 2*s + 3*s - 555, -5*s - n*a + 545 = 0. Is s composite?
False
Let s(p) = 35*p**2 + 3*p + 17. Is s(-6) prime?
True
Is (4/(-6))/((-4)/3246) composite?
False
Suppose 2*b + 1918 = 4*b. Is b a composite number?
True
Let q(o) = o + 191. Is q(0) a prime number?
True
Let a be -1 + 2 + (0 - 2). Let g be a - (-2 + 0 + -1). Suppose -12 = -3*w, -g*z = 3*z + 2*w - 38. Is z a composite number?
True
Let t = -1706 - -3025. Is t composite?
False
Let f be 1/(-3*4/48). Is f/14 + (-428)/(-28) prime?
False
Let o be (0 - -1)/((-1)/(-7)). Let n = 42 + o. Let u = n + 42. Is u prime?
False
Suppose -2*i - i + 9 = 0. Suppose 0*j + i*j = 201. Is j prime?
True
Suppose -1107 = -5*z + 3*i, 3*z + 3*i - i - 649 = 0. Is z a prime number?
False
Suppose 0*x - 2*x + n = -5, 3*x = -4*n + 24. Is ((-94)/x)/((-2)/44) a composite number?
True
Suppose -2*b - 4*v = 0, 2*v = -2*b + 5*b - 16. Suppose -3*q + 1625 = -q + a, 4*a - 3240 = -4*q. Suppose b*n = -n + q. Is n composite?
False
Suppose 2*h = -3*f + 13, h - f + 3 = 2. Suppose -110 = -3*g - h*g. Is g prime?
False
Let o(p) = p**2 + 1. Let w be o(-2). Suppose 0 = 3*l + 2 + 4, 0 = -w*d + 4*l - 1562. Is (d/4)/(4/(-8)) a prime number?
True
Let r(k) be the third derivative of k**5/15 + k**4/8 + 5*k**3/6 + k**2. Is r(-4) prime?
False
Let o(q) be the third derivative of -23*q**5/60 + q**4/4 + 10*q**3/3 + q**2. Let d(m) = 8*m**2 - 2*m - 7. Let y(n) = -17*d(n) - 6*o(n). Is y(-2) a prime number?
True
Let q = -3 - 0. Let d be (q + 1)/((-2)/(-4)). Is 2/d*10*-7 prime?
False
Let i(l) = 34*l**2 + 1. Is i(1) prime?
False
Let n = 3515 + -1789. Is (-12)/42 + n/14 a prime number?
False
Let s(h) = 17*h**2 + 22*h + 25. Is s(-20) a prime number?
False
Let s = -9 - -9. Let u(a) = -a**2 - 7*a - 7. Let r be u(-6). Is (-3 - -36) + s/r prime?
False
Let t be (6/4)/(12/32). Is 1801/7 + t/(-14) a composite number?
False
Let i(k) = -k**3 + 8*k**2 + k + 3. Let c be i(8). Suppose 1 = -5*v + c. Suppose v*a - 75 = -3*a. Is 